ds digit of o?
0
Suppose -7 + 3 = -2*v. Suppose 3*s = v*j - 4, -5*j + 3*s + 10 = -0*s. What is the tens digit of j - ((-258)/3)/2?
4
Suppose 346*r - 15741 = 335*r. What is the thousands digit of r?
1
Suppose 11668 = 12*i + 136. What is the units digit of i?
1
Suppose -q + 3*u = -0*q + 11, -q + 7 = 3*u. What is the units digit of ((q/(-5))/((-4)/(-1420)))/1?
2
Let x be (-2456)/(-32) - (-6)/(-8). Suppose 3*o = l - x, -5*l + l + 269 = -5*o. What is the tens digit of l?
6
Let t(c) = -14*c - 24. Let n = -12 + 4. What is the units digit of t(n)?
8
Suppose 7 = h + 3*m, -15 = -3*h + m - 4. Suppose -f + 0*f + h = 0. What is the units digit of f/8*7*6?
1
Let j(x) = -16*x**2 + 4*x + 3. Let q be j(-3). Let i = q + 391. What is the units digit of i?
8
Let j be -9 - (-2)/(-2) - -2. Let p be ((-36)/(-16))/(2/j). What is the units digit of (-20)/(-16)*(-1 - p)?
0
Let v = 4774 + -2368. What is the thousands digit of v?
2
Let h = -2273 - -3704. What is the units digit of h?
1
Let f be ((-120)/65 - -2) + (-48)/(-26). Suppose 356 = 2*l - 4*j, f*j - 890 = -5*l - j. What is the hundreds digit of l?
1
What is the hundreds digit of ((-8112)/80)/((-6)/70)?
1
Suppose 90 = -2*s - 4*l, s + 3*l + 87 = -s. Let c = s + 86. What is the tens digit of c?
4
Let z(f) = f**2 - 11*f - 180. What is the units digit of z(-11)?
2
Let s(y) = -2*y - 4. Let i be s(-6). Let b = 31 + -50. Let c = i - b. What is the units digit of c?
7
What is the thousands digit of 46416/9 + (-8)/(-12)?
5
Suppose 0 = 10*k - 1269 - 701. What is the hundreds digit of k?
1
Suppose -n + u - 2*u = -918, 0 = 2*n - 2*u - 1820. What is the hundreds digit of n?
9
Let v = -11 + 13. Let r(k) be the first derivative of k**4/4 + k**3 - k**2 + k + 1. What is the tens digit of r(v)?
1
Let s = -45 + 67. Let j = s - 14. Suppose -7*a = -j*a + 19. What is the tens digit of a?
1
Let z be (-19)/(-3) - (-5)/(-15). Let u(s) = 18*s + 52. What is the units digit of u(z)?
0
Let b = 162 + -267. Let t = b + 154. What is the tens digit of t?
4
Suppose 0 = -3*b + 7*b + x - 157, 2*b = 4*x + 74. Let j = b + -20. Suppose -j = -z - 2*i, -5*z - 2*i = -7*z + 38. What is the tens digit of z?
1
Let d(b) = -3*b**3 - 13*b**2 + 8*b - 17. What is the tens digit of d(-6)?
1
Let k = -26 + 14. What is the units digit of (-85)/(-20)*7 + (-3)/k?
0
Suppose 0 = l + l. Suppose 0 = -l*f + 4*f + 4*y + 8, 2*f = y + 8. What is the units digit of ((-7)/f)/(1/(-2))?
7
Let q(p) = p**3 - p**2 - p + 399. What is the hundreds digit of q(0)?
3
Suppose -3*r + 13 + 13 = -2*c, 3*r = c + 22. Suppose 0 = 3*d - 5*a + 24, 0 = 5*d - r*a + a + 50. What is the tens digit of (1 - -1)/(-2)*d?
1
Let s be -15*(129/(-15) + 1). Suppose -3*v + 6*v = 759. Suppose b = 5*u + 3*b - v, 2*u - s = -4*b. What is the units digit of u?
9
Let b be (-14)/(-3) - 4/6. Suppose b*p = -7*p + 2123. What is the units digit of p?
3
Suppose -m + 2 = -5. Let u(j) = 40*j - 3 - 32*j + j**2 - 2*j**2. What is the units digit of u(m)?
4
Let w = 1977 - 395. What is the units digit of w?
2
Let l(g) = g + 16. Let o be l(-11). Let k(f) = -2*f**3 - 2*f**2 - 2*f - o + 4 - 1 + f**3. What is the units digit of k(-2)?
2
Let a = -1628 + 3499. What is the thousands digit of a?
1
Let k = 37 - 33. Suppose 62 - 19 = 2*z - 3*i, k*i + 66 = 3*z. What is the tens digit of z?
2
Suppose -65*h = -27*h - 31958. What is the units digit of h?
1
Suppose -10 = -5*r + 10. Suppose -o - r*o - 50 = 0. Let j = o - -18. What is the units digit of j?
8
Suppose 20 + 4 = -6*j. What is the units digit of (-38)/4*(16/2)/j?
9
Let o(z) = z**3 + 3*z**2 - 7*z - 2. Let d be o(-5). Suppose -16 - 20 = 3*n. Let t = n - d. What is the units digit of t?
5
Let i(n) = 112*n + 5. Let f be i(-2). Let l = f + 325. What is the units digit of l?
6
Let r(b) = b - 1. Let w be r(-8). Let j = w - -15. Let i(g) = -g**3 + 7*g**2 - 3*g + 11. What is the units digit of i(j)?
9
Let r be 91/(-117) - 4/18. Let d = r - -3. Suppose -2*z - 5*s = -s - 120, d*z - 3*s = 106. What is the units digit of z?
6
What is the tens digit of 337 - -2*(2 + (-9)/6)?
3
Let a(i) = i + 146. What is the units digit of a(11)?
7
Suppose -1074 = -10*v + 3066. What is the units digit of v?
4
Suppose -5*d + 463 = -577. Suppose -4*z - a + d = 0, 2*a + 12 - 224 = -4*z. What is the units digit of z?
1
Let c(b) = -b**3 - 8*b**2 + 5*b + 31. Let j be c(-9). Let f = 146 - j. What is the tens digit of f?
7
Suppose 3*l = -3*h + 1848, 6*h = h + l + 3062. What is the tens digit of h?
1
Let z = 938 - 414. What is the units digit of z?
4
Suppose -17*n - k = -13*n - 4052, 3*k - 2016 = -2*n. What is the thousands digit of n?
1
Suppose 3*f + 13*f - 65648 = 0. What is the hundreds digit of f?
1
Let n = -1406 - -2037. What is the units digit of n?
1
Let j(c) be the first derivative of 7/2*c**2 - 22*c - 7. What is the units digit of j(9)?
1
Let g = -1710 + 3079. What is the hundreds digit of g?
3
Let b be -3 + (-5)/(10/(-24)). Let j = -4 + b. Suppose 0*y = j*y - 40. What is the units digit of y?
8
Suppose 3*b - m = 20064, 5*b = 50*m - 49*m + 33442. What is the thousands digit of b?
6
Suppose -4*v = -5*a - 265, -2*a + 365 = 4*v + 79. What is the units digit of v?
0
Suppose 2*a + 8 = -0*a - 4*f, 13 = 3*a + f. Let s(p) = 2*p**2 - 9*p. Let v be s(a). What is the units digit of -35*(-2 + v/15)?
8
Let w = 9 + 0. What is the tens digit of ((-66)/w)/(6/(-27))?
3
Let b(r) be the third derivative of r**6/24 - r**5/15 + r**4/6 - r**3/3 + r**2. What is the units digit of b(2)?
0
Suppose y + 10 = 6. What is the units digit of 2912/130 + y/10?
2
Let o(d) = d**2 - 3*d - 25. Let j be o(7). Suppose j*x + 2*y - 467 = -82, -4*x = -2*y - 504. What is the hundreds digit of x?
1
Suppose -3*v = -423 - 1146. What is the tens digit of v?
2
Let w be ((-18)/12)/(3/12). Let k be (-28)/w - (-15)/45. What is the tens digit of (-29)/(k/(-2) - -2)?
5
Let x = 116 + -86. Let h = 8 - -7. What is the units digit of (h/(-2))/((-5)/x)?
5
Let t be (-5 + 7 - -3) + 2046. Suppose -t = -83*o + 76*o. What is the hundreds digit of o?
2
Let w(k) = k**3 - k**2 - k - 1. Let f(b) = 6*b**3 + 8*b**2 - 11*b - 14. Let s(g) = f(g) - 5*w(g). What is the tens digit of s(-13)?
6
Let p be 20/(-8)*(18 - 0/3). Let y = p + 279. What is the tens digit of y?
3
Let y(p) = 41*p - 937. What is the units digit of y(24)?
7
Let g be ((-21)/(-2))/7*760. Let x be (-4)/(-26) - g/(-195). Suppose x*t - 192 = -24. What is the units digit of t?
8
Let h = 684 + -159. What is the tens digit of h?
2
Let f(w) = 21*w - 5. Let k(z) = 104*z - 24. Let a(j) = -16*f(j) + 3*k(j). What is the units digit of a(-3)?
0
Let u(g) = 821*g - 597. What is the thousands digit of u(5)?
3
Suppose 3*o + 2*y = 8*o + 446, -3*y = 4*o + 366. Let x = 166 + o. What is the units digit of x?
6
Suppose 5*i + 197 = 697. Let b(f) = 5*f**2 - 18*f. Let l be b(6). Suppose 5*z - i = 5*s, -2*z = 2*z + 4*s - l. What is the units digit of z?
9
Let k be 17 - (-3 - 0/(-4)). Suppose -2*i = q + 3*q - k, q - 27 = 5*i. Suppose -q*b + 70 = -5*b. What is the units digit of b?
5
What is the thousands digit of 2634 + -1 + 5 - (16 - 11)?
2
Let x(y) = -y**3 + 7*y**2 - 8*y - 7. Let f be x(5). Let h(a) = a**2 + a - 2. What is the tens digit of h(f)?
1
Let n(c) = -c**2. Let z(h) = 20*h**2 - h. Let s(m) = 2*n(m) + z(m). Suppose 3*y = -0*k - k - 11, -2*k - 3*y - 10 = 0. What is the tens digit of s(k)?
1
Suppose -5*t + 590 = r, 16*t = -r + 21*t + 540. What is the tens digit of r?
6
Let o(b) = b**2 + 23. Suppose 3*m - 4*r = -2 + 26, -3*r = -m + 3. Suppose 0 = m*x - 7*x. What is the units digit of o(x)?
3
Suppose -3*a + v + 858 = 0, -a + 45 + 241 = -4*v. What is the units digit of a?
6
Suppose 3*v + 138 = -60. Let n = v - -143. What is the units digit of n?
7
Let r = 1095 - -758. What is the thousands digit of r?
1
Let i(a) be the second derivative of a**3/6 - 11*a**2/2 + 6*a. Let q be i(6). What is the units digit of 27/(-18)*(q - -1)?
6
Let s(p) = 19*p**2 + 4*p + 23. Let b(h) = 9*h**2 + 2*h + 11. Let j(f) = -5*b(f) + 3*s(f). What is the tens digit of j(-3)?
1
Let s = -406 + 595. Let d = s + -2. What is the tens digit of d?
8
Suppose 4*s = -2*f + 384, -30 + 219 = f + 3*s. Suppose 0 = -v - 2*v - i + 149, f = 4*v + i. What is the units digit of v?
9
What is the units digit of (-43394)/65*((-39)/6 - -4)?
9
Let v be ((-2)/6)/(9/81). Let z(l) = -17*l -